*2 - 5*l - 2. Let o(n) = -n**3 - 5*n**2 - 2*n + 2. Suppose -9 - 6 = 3*y. Let f be o(y). Let r = f + -7. What is z(r)?
-2
Suppose -3*w + 4 = 25. Let r be 1/2*(w + -1). Let a(l) be the second derivative of l**5/20 + l**4/3 - 5*l**2/2 + 8*l. Give a(r).
-5
Let h(u) = 8*u**3 - 15*u**2 - 11. Let y(t) = 4*t**3 - 7*t**2 - 5. Let n(l) = -6*h(l) + 13*y(l). Let k = 5 + -4. Give n(k).
4
Suppose 6*s - 3*s = 6. Let z(k) = -4*k**s - 3*k + 4*k - k**3 - 5*k - 4. Calculate z(-3).
-1
Let s = 42 + -45. Let b(t) = -2*t**2 - 3*t + 3. Calculate b(s).
-6
Let i be (4/(-5))/(10/(-25)). Let c(k) = k**3 - 2*k + 2. Calculate c(i).
6
Let j(y) = y**2 - 11*y - 9. Let b be j(12). Let o(u) = u**2 - 2*u**2 + 3*u**2 - b*u**2 - 2*u. What is o(-2)?
0
Let g(v) = -96*v + 93*v + 0 + 4. What is g(6)?
-14
Suppose 5*u = -4*c + 45, 5*u = c - 6*c + 50. Let n(y) = y - 1. What is n(u)?
4
Let m(l) = -l**2 - 7*l - 3. Let a be m(-6). Suppose h + a*s - 6 = 0, -4*h - s - 3*s = -16. Let p(w) = w**3 - 3*w**2 - 3*w - 2. Calculate p(h).
-11
Let d(i) = i**3 + 7*i**2 + 7*i + 5. Suppose -v = v - 2, -17 = -g - v. Suppose 3*k = -g - 2. Let l be d(k). Let u(j) = -2*j**2 - 1. Give u(l).
-3
Let i(g) = -4*g. Let v be i(1). Let j(w) = -3*w**3 + w - 4*w**2 + 1 - 2*w + 2*w**3. Give j(v).
5
Let n = -6 - -7. Let g = n - 6. Let v(s) = -s**3 - 6*s**2 - 4*s + 5. Calculate v(g).
0
Let o(a) = -4*a**2 + a**3 + a**2 - 1 - 1 + 6*a - 5*a. Give o(3).
1
Let c(h) = 19*h**2 - 40*h**2 + h + 16*h**2. Give c(-2).
-22
Let m(c) = -9*c + 13. Let i(k) = -3*k + 4. Let a(s) = 7*i(s) - 2*m(s). What is a(2)?
-4
Let n be ((-56)/(-21))/((-2)/(-6)). Let i = 5 - n. Let m(q) = -q - 4. Let k(r) = -1. Let v(o) = 11*k(o) - 2*m(o). Calculate v(i).
-9
Let r be (9 - -1)*(-1)/2. Let s(h) = 2*h**2 - 2*h - 8. Let z(m) = -3*m**2 + 5*m + 15. Let p(u) = r*s(u) - 3*z(u). Give p(-5).
-5
Let s(f) = f**2 + 5*f - 1. Suppose 4*p + 10 = 2*p, 2*w - 5*p = 41. Let i(y) = -y + 5. Let d be i(w). Calculate s(d).
-7
Let c(s) = 6*s**2 - 2*s - 1. Suppose -3*g = -4*g + 3*k + 14, -5*g + 3*k + 10 = 0. Calculate c(g).
7
Let z(s) = s**3 + s - 2. Let d(h) = 2*h**3 + h**2 + 3*h - 6. Let a(u) = 3*d(u) - 8*z(u). Let x = 5 + -3. Determine a(x).
-4
Let s(u) = 3*u + 225*u**3 - 224*u**3 + 3 + 6*u**2 + 0. Let b(c) = -c**2 + 2*c + 3. Let x be b(-2). Determine s(x).
13
Let d = 5 - 2. Suppose -d*i - i - 4 = 0. Let b(k) be the second derivative of -k**3/3 + k**2/2 + 2*k. Give b(i).
3
Let v(k) be the first derivative of 5*k**2/2 - 3*k - 69. Determine v(2).
7
Let x(h) = 2*h + 2. Let j(d) = -d**2 + 10*d + 6. Let u be j(10). Suppose u = 2*s - 3*w, 0 = 3*w - 0*w + 6. Suppose -4 = -s*p + 2*p. What is x(p)?
-2
Let b(d) be the third derivative of d**4/12 + 2*d**2. Let w = -3 - 1. Let j be w/18 + 33/27. What is b(j)?
2
Suppose -18*h + 33 = -57. Let r(k) = 3*k - 1. What is r(h)?
14
Let s(j) = j + 1. Let z(l) = -3*l - 1. Let h(p) = -p + 4. Let c be h(0). Let t(q) = c*s(q) + z(q). Suppose o - 2*o = 5. Determine t(o).
-2
Let h(n) = -n**2 - 5*n - 10. Let v be h(-4). Let u(x) = -x**3 - 6*x**2 + 4. What is u(v)?
4
Let a(n) be the second derivative of -3*n**5/20 + n**2/2 + 9*n. Give a(1).
-2
Let m(l) be the third derivative of l**5/60 + 5*l**4/24 + l**3/3 + l**2. Suppose 0 = -2*c - 0*c - 54. Let y = c + 24. What is m(y)?
-4
Let s = 9 - 6. Suppose 0 = w + x + 3, -x - 13 = -2*w - 2*w. Let g(c) = -5 - s*c + w*c + 2*c. Give g(6).
1
Let a = 4 + -1. Let v(g) = -a*g + g + 3 + 3*g. Let z = -180 - -177. Calculate v(z).
0
Let l(p) = p. Let b be 1 - (5/(10/(-4)) + 3). Give l(b).
0
Let n(u) = -u**3 + 3*u**2 + 2*u - 2. Let a(f) = f**2 - 6*f - 12. Let o be a(8). Suppose 0 = o*t - 18 + 6. Give n(t).
4
Let p = -6 + 6. Let b(r) = -4*r + 4 - 5 + 2*r + p*r. Give b(-2).
3
Let l(a) be the second derivative of -1/4*a**4 + 1/2*a**2 - 1/20*a**5 + 0 + 3*a - 1/6*a**3. Let x be (-2)/7 - (-24)/(-14). Determine l(x).
-1
Suppose -6 + 4 = s. Let q(x) be the first derivative of -x**4/4 - x**3/3 + x**2 + x - 1. Let t be q(s). Let m(y) = -8*y**2. Give m(t).
-8
Let c(u) = 2*u**2 - u - u**2 + 7 - 5*u. Give c(6).
7
Let m be 60/(-8) + (-4)/8. Let o be 2*(4 + 0)/m. Let d(v) = 6*v**2 + v. What is d(o)?
5
Let i(g) = -g - 1. Let f be i(-6). Let n(m) = -f - 4 + m - 4*m + m. Give n(-6).
3
Suppose 25 = -4*h - h. Let o = 0 + h. Let g(v) = v**3 + 5*v**2 + v + 3. Give g(o).
-2
Let i(s) = 24 + 22 - 48 - 6*s - s**2. Calculate i(-4).
6
Let n(s) = s**2 - 3*s - 3. Suppose -4*o + 4*z - 36 = 0, 3*z = -3*o + 3 - 12. Let k be -8*2*(-3)/o. Let g = -3 - k. Give n(g).
7
Suppose 4 = 3*d - 4*q, q + 3 - 2 = 5*d. Let b be (1 + 1 - d)/(-2). Let t = 2 + b. Let p(r) = -2*r - 1. What is p(t)?
-3
Let f(m) be the third derivative of 2*m**5/15 - m**4/24 + m**3/3 - 42*m**2. Determine f(2).
32
Let o(a) = -a**3 - 7*a**2 - 4*a + 3. Let p be 6/14*(3 - -4). Suppose -p*q - 12 = -q. Calculate o(q).
-9
Let q = 8 + -6. Let x(i) = 0*i + 3 + q - 3*i. Let u(f) = -f**3 + 12*f**2 + 13*f + 4. Let o be u(13). Give x(o).
-7
Let o(u) = -5 + 1 + 10*u - 3*u - u**2. Let l be o(7). Let r(q) = -q**3 + 2 + 3*q + 2*q - 3*q**2 - 3*q. What is r(l)?
10
Suppose -2 - 4 = -2*p. Let d(s) = 3*s + p*s - 3*s - 4*s - 8. Calculate d(-6).
-2
Let q(w) be the second derivative of -w**4/12 - 7*w**3/6 - 2*w**2 - 7*w. Calculate q(-4).
8
Let v(r) = 2*r + 2. Let h be v(-4). Let a(m) = 5*m + 2*m + 0 - 5*m**2 + 8 + 0 - m**3. Give a(h).
2
Let a = 23 - 19. Let v be (-4)/(-14) + (-4)/14. Let c(t) = -5*t + 6*t**2 - 3 - t**3 + v*t**3 - t**2. Calculate c(a).
-7
Let x(j) = -j - 8. Let l(k) = k**2 - 13*k. Let t be l(13). Determine x(t).
-8
Let z(h) be the third derivative of -h**5/30 + h**4/6 - h**3/3 + 48*h**2. Let r be 9/(-2)*(-8)/6. Suppose -p - r = -4*p. Calculate z(p).
-2
Suppose -k - 21 = -5*p, p = 2*k + k - 7. Let j(z) = -k - z + 2 + 6. What is j(0)?
4
Let m(i) = 3*i + 1. Let n(s) = -3*s + 0 + 2*s + 8 - 4. Let l be n(3). Suppose -f + 2*f + l = 0. What is m(f)?
-2
Let k(r) = -r**3 + r**2 - r. Let z(o) be the first derivative of o**4/4 + o**3/3 + 4*o**2 - 5*o - 3. Let i(b) = 2*k(b) + z(b). Calculate i(4).
3
Let n(h) = -3*h**2 - 7*h - 1. Let i(w) = -13*w**2 - 28*w - 3. Suppose 0 = -2*o + 3*o + 2. Let k(v) = o*i(v) + 9*n(v). Calculate k(-5).
7
Let j be 10/35 - (-12)/7. Suppose s = -j*s. Let h(u) = u**2 + u + 7. Calculate h(s).
7
Let u(q) = 5*q - 4*q**2 + 2*q + 7 + 5*q**2. Suppose m = 6*m - y + 27, -2*m + 3*y = 16. Calculate u(m).
-3
Let u(w) be the third derivative of 0*w - w**2 - 1/60*w**5 - w**3 + 0 + 1/3*w**4. Let j(c) = -c**3 - c**2 + c + 2. Let h be j(-2). What is u(h)?
10
Let q = -7 + 8. Let h(v) = -3 + 4 + 2*v + 3 - 6*v**2 - 5. Calculate h(q).
-5
Let n(r) = 1 + 1833*r**3 - 1831*r**3 - 2 + 2 + r. Give n(-1).
-2
Let y be 1 + 0 + -10 + 0. Let x = y + 4. Let t(q) = -q. Let b(s) = s - 1. Let h(v) = x*t(v) - 4*b(v). Calculate h(-4).
0
Let q be ((-75)/(-27) - 4) + 8/36. Let a(g) be the third derivative of g**6/15 + g**5/60 - g**3/6 + g**2. Give a(q).
-8
Suppose -4*p + 5*v - 5 = -27, 2*p = -3*v. Suppose -22*w + 25*w = 0. Let j be 0/(p + -4 + w). Let x(u) = -u**2 - u - 5. Give x(j).
-5
Suppose 4*z = -5*g - 15, 5*z - 3 = 2*g + 3. Let j(o) = o**2 + o + 3. What is j(z)?
3
Let p(k) = -6*k - 56. Let h(r) = 3*r + 26. Let m(b) = -13*h(b) - 6*p(b). Let s = -5 - -20. Let a = 11 - s. Calculate m(a).
10
Let t = 13 - 19. Let l(q) = -3 - 3 + 5 - 2*q - 3*q. Let j(k) = -11*k - 2. Let m(g) = t*j(g) + 13*l(g). What is m(4)?
3
Let w(c) be the second derivative of c**4/12 - 11*c**3/6 + 7*c**2 + 27*c. What is w(10)?
4
Let m(a) = 96 + a + 8*a - 97. Give m(1).
8
Let l = -9 + 1. Let i(p) = -p**2 - 6*p + 11. Calculate i(l).
-5
Let j(u) be the second derivative of -3*u + 0*u**2 + 1/6*u**4 + 1/60*u**5 + 0 + 0*u**3 + 1/360*u**6. Let v(i) be the third derivative of j(i). What is v(-3)?
-4
Let j be (-1325)/(-15) + 1/(-3). Suppose 5*z - j - 12 = 0. Suppose 0 = x - 3*c + z, c = 3*x + 2*c + 10. Let i(v) = -v**2 - 4*v - 1. Give i(x).
-6
Let n be ((-1)/(-3))/((-1)/9). Let g be 22/(-6) + (-2)/n. Let v(m) = -m**3 - 4*m**2 + 2. Determine v(g).
-7
Let x(r) = r**2 - 3*r - 2. Let o(i) = i**2 + 5*i + 10. Let y be o(-4). What is x(y)?
16
Let k(s) = -12*s**3 - s - 1. Let g(x) = -x**2. Let f be g(-1). Give k(f).
12
Let a(z) = z**3 + 2*z**2 + 2*z. Let h = -67 + 65. Give a(h).
-4
Let k = -5 + 9. Suppose 6 - k = p. Let d(j) = -j + 2. Determine d(p).
0
Let l(q) be the 